t is the units digit of h?
9
Suppose 5*g = 4*w - 28, 3*g - g = -w - 6. Let u(l) = 5*l**2 - 11*l - 5. Let c(y) = y**2 - 2*y - 1. Let i(o) = 11*c(o) - 2*u(o). What is the units digit of i(w)?
3
Suppose -13 + 1 = 3*q. Let b(w) = 20*w**2 - w - 1. Let s be b(-1). Let j = q + s. What is the units digit of j?
6
Suppose 380 = 7*y - 131. What is the tens digit of y?
7
Let r(u) = u + 2. Let d(f) = f + 3. Let a(h) = -3*d(h) + 4*r(h). Let l be a(4). Suppose -l*s + 9 + 15 = 0. What is the units digit of s?
8
Let d(x) = -x**2 + 7*x - 4. Let f be d(5). Let s = 6 + f. What is the units digit of s?
2
Let j = 0 - 4. What is the tens digit of (-1 + -3)/(j/14)?
1
Let j be 15/((-4)/3 - -1). What is the tens digit of 332/15 - (-6)/j?
2
Let s = 5 + 8. What is the tens digit of s?
1
Let m = 33 - -30. What is the units digit of m?
3
Suppose 0 = -4*h - 5*l + 615, h + 2*h + 3*l = 462. What is the units digit of h?
5
Suppose -8*m + 12*m = 168. Suppose 3*v - 12 = 0, 3 - 24 = -5*s + v. Suppose -3*x + 4*q + m = 0, -s*x + 62 = -0*q - 4*q. What is the tens digit of x?
1
Let g(s) = s**3 - 3*s**2 - s - 4. What is the tens digit of g(5)?
4
Let i(j) = -j**3 - 7*j**2 + 1. Let s be i(-7). Let h be (s - -14)*6/9. Let t = h + 10. What is the tens digit of t?
2
What is the units digit of (-18)/(-2)*(3/(-3) - -12)?
9
Let u be (-2)/(-9) + 7/9. Let h = 17 + u. What is the tens digit of h?
1
Let f = 357 + -254. What is the units digit of f?
3
Let c = 13 - 3. Let j(t) = -2*t**2 - 3. Let l be j(-5). What is the tens digit of l/(-5) - (-4)/c?
1
Let w be 2 + -1 - (1 - 35). Suppose -3*t = -3*c, -2*c + 3*t - w = -6*c. What is the units digit of c?
5
Let u = -9 + -3. Let b = u + 21. What is the units digit of b?
9
What is the tens digit of 196/7 - (0 - -2)?
2
Let s(o) = -o - 3. Let c = -7 + 10. Suppose -c*x + w = 22, 3*x - w = w - 23. What is the units digit of s(x)?
4
Let c(q) = 7*q - 11. What is the tens digit of c(9)?
5
Let v be 110 + 7 + (3 - -1). Let y = -66 + v. What is the units digit of y?
5
Suppose 5*c - 5 = 10. What is the units digit of ((-4)/12)/((-1)/c)?
1
Let x be 0/(-1 - -2)*1. Let v be x/(-3)*(-1)/2. Suppose v = -3*k + 12. What is the units digit of k?
4
Let z(v) = v**3 - 6*v**2 + 5*v - 2. Suppose -5 = 2*c + 3*d, 0 = -3*c - 5*d - 3 - 7. Let b be z(c). What is the units digit of ((-3)/b)/((-6)/(-32))?
8
Suppose 4*a + 5*u = -9, 3*u = 3*a - 3 - 24. Suppose 130 = -a*o + 9*o. What is the tens digit of o?
2
Suppose 0 = -2*k - r - 122, 3*k + 188 = -4*r - 0*r. Let b = -8 - k. What is the tens digit of b?
5
Let v be -31*1 + (5 - 5). Let o = 45 + v. What is the tens digit of o?
1
Suppose -q + 55 = k, 3*k - 375 + 96 = -5*q. What is the tens digit of q?
5
Let v(w) = -1 + 0 + 2*w - 2 + 1. What is the tens digit of v(11)?
2
Let l be (-1 - -2)*-1*-10. Suppose -3*w + 8 = -7*w - 4*f, -f = -3*w + l. What is the units digit of w?
2
Let f be ((-210)/(-24))/((-2)/8). Let i = f - -50. What is the tens digit of i?
1
Let l = 3 + 0. Let b = 2 - l. What is the units digit of (3 - b) + 2 + -2?
4
Let a = 66 + -20. What is the tens digit of a?
4
Let d = -22 - -72. What is the units digit of d?
0
Let r(c) = c - 4. Let p be r(2). What is the units digit of p*(-2 + 39/(-2))?
3
Let g(x) = -9*x + 7. What is the tens digit of g(-5)?
5
Suppose 4*g + 151 = 603. What is the tens digit of g?
1
Let z(o) = -o**2 + 8*o - 5. Let v be z(7). What is the units digit of (-78)/4*v/(-3)?
3
Suppose 5*w = 4*b + 69, -4*b + 2*b + 63 = 5*w. Suppose -8 = 2*m - 0*m, n = 4*m + w. What is the tens digit of ((-10)/n)/((-14)/(-63))?
1
Let p(q) = q**2 + 4*q. What is the tens digit of p(6)?
6
Suppose p - 2*u - 2*u - 98 = 0, 4*p - 4*u - 404 = 0. What is the units digit of p?
2
Suppose -4*w = 8 + 16. Let s(a) = 3 + 5*a - 14*a**3 - 2 + 22*a**3 - 5*a**2 - 9*a**3. What is the units digit of s(w)?
7
Let o = 65 - -31. What is the units digit of o?
6
Let a(g) = 9*g + 11. Let j be a(9). Suppose 0 = -7*q + 3*q + j. What is the units digit of q?
3
Let n(d) = d**3 - d + 24. What is the units digit of n(0)?
4
Let r(j) = 2*j**2 + j - 1. Let t(c) = -c**2. Suppose f - 7 = 4*x - 2, 2*f - 2*x = 4. Let k(q) = f*r(q) - 4*t(q). What is the units digit of k(1)?
6
Let h(p) = p**3 - 3*p**2 + 2*p - 2. Let w be h(2). Let k = w + 1. Let u = k + 5. What is the units digit of u?
4
Let x(i) = -i**3 + 6*i**2 - i + 8. Let j be x(6). Suppose -q = -2*q - 5*w + 31, j*q + 3*w = 62. What is the units digit of q?
1
Suppose 2*k - 37 = 5*a + 92, -333 = -4*k - 5*a. Suppose 4*j = 19 + k. What is the tens digit of j?
2
Suppose 2*y = -3*y - 20. Let z = 4 + y. Suppose v - 7 + 5 = z. What is the units digit of v?
2
Let m = -65 + 228. What is the units digit of m?
3
Let f(c) = -2*c - 8. Suppose -25 = 5*o + 5*x, -14 = 2*o + o + 4*x. Let r be f(o). Suppose 36 = 3*a + a + r*i, -5*a = -4*i - 54. What is the tens digit of a?
1
Let b(w) = -w**2 - 8*w + 3. Let v be b(-6). Suppose -o + 4 = -2. Let l = v - o. What is the units digit of l?
9
Let w = -2 + 0. What is the units digit of w/7 - 120/(-28)?
4
Let g(h) = 12*h + 13. What is the tens digit of g(4)?
6
Suppose 0 = 3*r + r - 4. Suppose 0 = -o - 3*x - 7, -5*o + 5*x + 4 = -r. What is the units digit of ((-2)/5)/(o/5)?
2
Let g(y) = 4*y**2 + 11*y + 10. Let v(k) = -3*k**2 - 10*k - 10. Let m(c) = -4*g(c) - 5*v(c). Let w be m(7). What is the tens digit of (-8 - -5)*(-19)/w?
1
Let k(o) = -7*o + 1 - 6 + o**2 - 9. What is the units digit of k(12)?
6
Let x(c) = c + 9. Suppose -4*i + 52 + 0 = 4*z, 0 = -2*z - 4*i + 36. What is the tens digit of x(z)?
1
Suppose 0 = b - 4*n - 97, -b + 2*n = 4*n - 115. What is the hundreds digit of b?
1
Let z = 135 - 86. What is the units digit of z?
9
Suppose 4*k = -k + 15, g + 5*k = 22. Let z = g + -4. What is the units digit of z?
3
Let q(y) = 11*y**2 - 1. Let i be q(1). Suppose t - 221 = -5*l, -5*t - 74 = -2*l - 9*t. Suppose -5*x - l = -i*x. What is the units digit of x?
9
What is the tens digit of -1 + -4 + 4 + 16?
1
Suppose -4*u - 3*d = -207 - 646, -3*u - 5*d = -648. What is the tens digit of u?
1
Suppose 3*a + a = -5*x + 702, 5*a = -3*x + 871. What is the tens digit of a?
7
Suppose 2*d = 2*z + 20, -3*d - 2*d + 26 = -2*z. Let o = 10 + z. What is the units digit of o?
2
Let t(r) = r**3 - 6*r**2 - r + 6. Let y be (2 + 1)*21/9. Let u be t(y). What is the units digit of (-4)/(-14) + u/28?
2
Let t = -16 + 27. Suppose n + 4*n = 15. Suppose -4*a - 3 = -5*d - t, n*d - 5 = a. What is the units digit of a?
7
What is the tens digit of 159/(-6)*8/(-4)?
5
Let v(d) = -d**2 + 2*d + 3. Let z be v(5). Let s be 8/z - 2/(-3). Let h = 7 - s. What is the units digit of h?
7
Suppose 5*l = 5*k + 305, -3*l = -4*k - 111 - 77. What is the tens digit of l?
5
Let x = -6 - -6. Suppose x = 5*b + 2 - 17. Let g = 7 - b. What is the units digit of g?
4
Let w(p) = 2*p**2 + 20*p - 51. What is the units digit of w(-21)?
1
Suppose 0 = 5*r - 8*r - 2*t + 330, 0 = -4*r + 4*t + 440. What is the hundreds digit of r?
1
What is the hundreds digit of 11/((-44)/18)*152/(-3)?
2
Let k(u) = 2*u - 1. Suppose -5*a = -15, -c + a + 0*a + 1 = 0. Suppose 0 = 2*l - 2*t + c, -4*l - 6*t + 16 = -4*t. What is the units digit of k(l)?
3
Let y = 127 + -87. What is the tens digit of y?
4
Let p = 102 - 71. What is the tens digit of p?
3
Let z(p) = -p - 8. Let s be z(-10). Suppose i - s = 2. Suppose 0*v + i*v = 16. What is the units digit of v?
4
Let i be 4 + 0 - 1*-2. Let r be (-22)/6 + (-2)/i. Let o(u) = u**2 - 3. What is the tens digit of o(r)?
1
Let g(x) = -x**3 + 3*x**2 + 4*x + 2. Let c = 2 + 2. What is the units digit of g(c)?
2
Suppose -3*s = -7*s + 64. Suppose -5*x + 109 + 6 = 0. Let a = x - s. What is the units digit of a?
7
Let y = 7 - -35. What is the tens digit of y?
4
Suppose a + 174 = -3*a + 5*j, -168 = 4*a - 2*j. Let k = -28 - a. What is the units digit of k?
3
Let f = 6 - 6. Let u be 2 - (-3)/(f + -1). What is the tens digit of (-11)/((1 + 0)/u)?
1
Let v(l) = l**3 + 8*l**2 - l. What is the units digit of v(-8)?
8
Let c(d) be the first derivative of d**3/3 - d**2 - 2*d - 2. Let n be c(4). What is the units digit of (-5)/((-5)/n) - 2?
4
Suppose 21 = -5*b + 1. Let m(f) = f**3 + 6*f**2 + f - 5. What is the units digit of m(b)?
3
Suppose 4*r - 20 = 0, -4*r = -3*o - r + 42. Let l = o - -8. What is the tens digit of l?
2
Let t(m) = -3*m + 5. Let h(b) = -b**2 + 4*b - 6.